{"id":500,"date":"2016-04-14T20:22:58","date_gmt":"2016-04-14T18:22:58","guid":{"rendered":"https:\/\/storchengucker.de\/?page_id=500"},"modified":"2016-04-14T21:02:01","modified_gmt":"2016-04-14T19:02:01","slug":"android-app","status":"publish","type":"page","link":"https:\/\/storchengucker.de\/?page_id=500","title":{"rendered":"stork-cam.de &#8211; auf dem Handy"},"content":{"rendered":"<p>Den Livestream der\u00a0Storchenkamera unterwegs anschauen &#8230; kein Problem. Die eigens daf\u00fcr erstellte App bietet f\u00fcr Besitzer von Android-Ger\u00e4ten die M\u00f6glichkeit, mit einem Klick auf die stork-cam.de &#8211; Webseite zu gelangen.<\/p>\n<p>Bitte daran denken, dass beim Surfen unterwegs\u00a0Online-Geb\u00fchren anfallen k\u00f6nnen. Am besten im heimischen WLAN surfen und den Livestream auf der Couch genie\u00dfen. \ud83d\ude42<\/p>\n<p>Einfach mit einem QR-Code-Scanner die folgende Grafik einlesen und die App installieren.<\/p>\n<p><img loading=\"lazy\" decoding=\"async\" class=\"size-full wp-image-501 aligncenter\" src=\"https:\/\/storchengucker.de\/wp-content\/uploads\/2016\/04\/qrcode.png\" alt=\"qrcode\" width=\"300\" height=\"300\" srcset=\"https:\/\/storchengucker.de\/wp-content\/uploads\/2016\/04\/qrcode.png 300w, https:\/\/storchengucker.de\/wp-content\/uploads\/2016\/04\/qrcode-150x150.png 150w\" sizes=\"(max-width: 300px) 100vw, 300px\" \/><\/p>\n<p>&nbsp;<\/p>\n<p>Wollt ihr keine App installieren &#8230; einfach die folgende Grafik mit dem QR-Code-Scanner lesen und das Vollbild des Livestreams im Browser des Handys ansehen.<\/p>\n<p>&nbsp;<\/p>\n<p><img loading=\"lazy\" decoding=\"async\" class=\"size-medium wp-image-508 aligncenter\" src=\"https:\/\/storchengucker.de\/wp-content\/uploads\/2016\/04\/qrcode-300x300.jpeg\" alt=\"qrcode_browser\" width=\"300\" height=\"300\" srcset=\"https:\/\/storchengucker.de\/wp-content\/uploads\/2016\/04\/qrcode-300x300.jpeg 300w, https:\/\/storchengucker.de\/wp-content\/uploads\/2016\/04\/qrcode-150x150.jpeg 150w, https:\/\/storchengucker.de\/wp-content\/uploads\/2016\/04\/qrcode-768x768.jpeg 768w, https:\/\/storchengucker.de\/wp-content\/uploads\/2016\/04\/qrcode.jpeg 1000w\" sizes=\"(max-width: 300px) 100vw, 300px\" \/><\/p>\n","protected":false},"excerpt":{"rendered":"<p>Den Livestream der\u00a0Storchenkamera unterwegs anschauen &#8230; kein Problem. Die eigens daf\u00fcr erstellte App bietet f\u00fcr Besitzer von Android-Ger\u00e4ten die M\u00f6glichkeit, mit einem Klick auf die stork-cam.de &#8211; Webseite zu gelangen. Bitte daran denken, dass beim Surfen unterwegs\u00a0Online-Geb\u00fchren anfallen k\u00f6nnen. Am besten im heimischen WLAN surfen und den Livestream auf der Couch genie\u00dfen. \ud83d\ude42 Einfach mit [&hellip;]<\/p>\n","protected":false},"author":9192192,"featured_media":0,"parent":0,"menu_order":0,"comment_status":"closed","ping_status":"closed","template":"","meta":{"_et_pb_use_builder":"","_et_pb_old_content":"","_et_gb_content_width":"","_crdt_document":"","footnotes":""},"class_list":["post-500","page","type-page","status-publish","hentry"],"_links":{"self":[{"href":"https:\/\/storchengucker.de\/index.php?rest_route=\/wp\/v2\/pages\/500","targetHints":{"allow":["GET"]}}],"collection":[{"href":"https:\/\/storchengucker.de\/index.php?rest_route=\/wp\/v2\/pages"}],"about":[{"href":"https:\/\/storchengucker.de\/index.php?rest_route=\/wp\/v2\/types\/page"}],"author":[{"embeddable":true,"href":"https:\/\/storchengucker.de\/index.php?rest_route=\/wp\/v2\/users\/9192192"}],"replies":[{"embeddable":true,"href":"https:\/\/storchengucker.de\/index.php?rest_route=%2Fwp%2Fv2%2Fcomments&post=500"}],"version-history":[{"count":9,"href":"https:\/\/storchengucker.de\/index.php?rest_route=\/wp\/v2\/pages\/500\/revisions"}],"predecessor-version":[{"id":514,"href":"https:\/\/storchengucker.de\/index.php?rest_route=\/wp\/v2\/pages\/500\/revisions\/514"}],"wp:attachment":[{"href":"https:\/\/storchengucker.de\/index.php?rest_route=%2Fwp%2Fv2%2Fmedia&parent=500"}],"curies":[{"name":"wp","href":"https:\/\/api.w.org\/{rel}","templated":true}]}}